17
Let d(a) = 7*a**2 - 3*a. What is d(2)?
22
Let d(w) = 94*w**2 + w + 2. Calculate d(-1).
95
Let s(r) = -3*r + 9. Give s(4).
-3
Let s(l) = 5*l + 1. Determine s(3).
16
Let w(u) = -4*u + 61. Determine w(16).
-3
Let b(q) = -q**2 + 13*q - 9. What is b(8)?
31
Let g(z) = z + 15. Give g(15).
30
Let w(x) = -2*x**2 - 6*x - 7. What is w(-3)?
-7
Let q(g) = -g**2 + 21*g - 6. Give q(17).
62
Let z(f) = f + 10. Give z(11).
21
Let d(j) = -36*j - 213. Give d(-6).
3
Let r(k) = k + 2. Determine r(-12).
-10
Let h(v) = -v**3 + 3*v**2 + 5*v - 3. Determine h(4).
1
Let h(o) = 2*o + 7. Calculate h(-14).
-21
Let f(n) = n**3 - 2*n**2 - 2*n + 10. Calculate f(0).
10
Let b(w) = -4*w**2 + 44*w - 1. Determine b(11).
-1
Let j(o) = -o**3 + 3*o - 6. Give j(-3).
12
Let c(s) = -s**2 + 7*s + 54. Determine c(-5).
-6
Let p(n) = n**3 - 2*n**2 + 4*n. Give p(3).
21
Let s(h) = 8*h - 35. Give s(6).
13
Let w(m) = -8*m - 49. Give w(-7).
7
Let b(n) = n**3 - 12*n**2 + 5*n + 7. Give b(10).
-143
Let w(v) = v**2 + 5*v - 2. What is w(3)?
22
Let x(i) = -i**3 - 6*i**2 + 2. What is x(-4)?
-30
Let y(u) = -u**2 - 63*u - 294. Determine y(-5).
-4
Let r(o) = -7*o**2 - 3*o - 5. What is r(-3)?
-59
Let o(y) = 3*y - 98. Determine o(34).
4
Let q(r) = -2*r**2 - 25*r - 35. What is q(-14)?
-77
Let v(b) = 2*b - 9. Determine v(-21).
-51
Let q(i) = 2*i**3 - 4*i**2 + 3*i + 4. What is q(3)?
31
Let u(a) = -6*a - 4. Give u(-5).
26
Let t(d) = -d**3 + 6*d**2 + 25*d + 21. Give t(9).
3
Let g(t) = -t**2 - 7*t - 2. Calculate g(-5).
8
Let p(v) = 9*v**3 + 3*v**2 - 2. Give p(-1).
-8
Let s(o) = 12*o + 24. What is s(-4)?
-24
Let m(n) = -3*n**2 + 16*n + 21. What is m(6)?
9
Let c(j) = j**2 - 14*j - 97. Determine c(-5).
-2
Let g(n) = -n - 2. Give g(-13).
11
Let t(y) = -22*y + 382. What is t(17)?
8
Let z(v) = 2*v**2 - 16*v + 7. Calculate z(7).
-7
Let t(q) = q**3 + 4*q**2 - 3*q - 1. What is t(-4)?
11
Let k(q) = q**2 + 10*q + 7. Give k(-4).
-17
Let d(i) = 4*i**2 + 19*i + 23. Calculate d(-3).
2
Let w(c) = -c + 8. Determine w(6).
2
Let h(l) = 2*l - 15. What is h(23)?
31
Let v(q) = -21*q**2 - 3*q - 2. Determine v(-1).
-20
Let w(d) = d**2 + 16*d + 35. What is w(-14)?
7
Let s(r) = -5*r + 85. Determine s(10).
35
Let t(u) = 3*u + 25. What is t(-10)?
-5
Let v(z) = z**2 - 6*z - 21. What is v(8)?
-5
Let d(t) = 106*t - 526. Calculate d(5).
4
Let w(a) = 4*a**2 + a + 5. Determine w(5).
110
Let l(b) = -b + 5. Give l(3).
2
Let j(a) = 3*a**2 + 5*a + 2. Calculate j(-1).
0
Let w(o) = -2*o**2 - 24*o + 55. What is w(3)?
-35
Let d(m) = -137*m - 2. Give d(-1).
135
Let i(t) = 2*t + 3. What is i(3)?
9
Let m(s) = s**3 - 13*s**2 - 10*s - 79. Give m(14).
-23
Let i(s) = s**3 + 19*s**2 + 49*s + 47. Determine i(-16).
31
Let c(y) = y**2 - 14*y - 22. Calculate c(15).
-7
Let g(d) = d**2 + 18*d - 14. Determine g(-19).
5
Let n(t) = -t + 11. Calculate n(6).
5
Let b(l) = l**3 + l**2 + 1. What is b(-1)?
1
Let i(d) = d**3 + d**2 + 1. What is i(-3)?
-17
Let c(j) = 13*j - 27. Calculate c(2).
-1
Let g(f) = 2*f**3 - 50*f**2 + 26. Give g(25).
26
Let i(w) = -5*w - 3. What is i(9)?
-48
Let b(j) = -j**3 - 5*j**2 + 2*j + 9. Determine b(-4).
-15
Let o(w) = -w**2 - 3*w + 2. Give o(-6).
-16
Let l(v) = 27*v - 2. Calculate l(1).
25
Let r(q) = 2*q - 7. Calculate r(0).
-7
Let v(m) = 35*m**2 - m - 2. Give v(1).
32
Let f(a) = 45*a. What is f(1)?
45
Let o(n) = 12*n - 220. What is o(17)?
-16
Let r(n) = n**3 + 17*n**2 - 5*n - 82. Determine r(-17).
3
Let x(b) = -58*b**3 - 1. Calculate x(1).
-59
Let z(n) = -4*n - 51. What is z(-14)?
5
Let k(s) = -3*s - 7. Give k(-1).
-4
Let m(j) = j**3 - 5*j**2 + 4*j - 4. Determine m(3).
-10
Let a(b) = -b**3 + 3*b**2 + 3*b - 8. Calculate a(-2).
6
Let m(p) = p**3 - 8*p**2 + 12*p - 26. What is m(7)?
9
Let r(i) = -i - 23. What is r(-15)?
-8
Let m(d) = d. Determine m(-1).
-1
Let h(u) = 38*u + 233. What is h(-6)?
5
Let a(s) = -2*s**3 + 3*s**2 - 3*s + 3. Determine a(2).
-7
Let x(g) = 11*g + 53. Give x(-5).
-2
Let p(j) = 10*j + 459. Give p(-48).
-21
Let a(x) = -x - 15. Calculate a(-23).
8
Let d(q) = -39*q - 4. Determine d(1).
-43
Let n(m) = -2*m + 1. Give n(-11).
23
Let g(n) = -3*n**2 + 4*n - 1. Determine g(3).
-16
Let k(j) = 2*j**2 + 4*j - 8. Determine k(-5).
22
Let g(f) = f**3 - 15*f**2 - 17*f - 16. Calculate g(16).
-32
Let c(l) = -l**3 - 6*l**2 + 9*l. Determine c(-7).
-14
Let h(q) = 16*q - 2. Calculate h(-2).
-34
Let b(o) = -22*o + 2. What is b(2)?
-42
Let p(z) = z**3 + 9*z**2 + 6*z + 4. Give p(-8).
20
Let i(u) = -u - 15. Calculate i(-6).
-9
Let n(w) = -3*w**2 - 2*w - 32. Calculate n(-6).
-128
Let h(x) = -x**3 + 2*x**2 - 2*x + 1. Determine h(1).
0
Let s(u) = 11*u - 2. Determine s(1).
9
Let j(u) = -8*u + 104. Give j(19).
-48
Let n(h) = h**3 - 10*h**2 - 15*h + 3. Calculate n(11).
-41
Let l(i) = -7*i - 20. What is l(-4)?
8
Let w(t) = -t**3 + 10*t**2 + 12*t - 16. What is w(11)?
-5
Let y(x) = -x**3 + 5*x**2 - 6. Calculate y(5).
-6
Let y(j) = j**2 + 6*j + 2. Determine y(-7).
9
Let i(t) = -24*t**3 - 2*t**2 - t. Give i(-1).
23
Let g(h) = h**2 - 9*h - 49. Determine g(13).
3
Let z(o) = 2*o - 4. Give z(7).
10
Let u(k) = -k**2 + 5*k - 4. What is u(5)?
-4
Let d(l) = l**3 + 2*l - 1. Calculate d(-3).
-34
Let d(o) = -o**2 - o + 27. What is d(-7)?
-15
Let p(f) = -f**2 + 5*f + 7. Determine p(5).
7
Let g(q) = 4*q - 5. Give g(11).
39
Let a(k) = -k**3 + k**2 + 2*k + 10. Give a(3).
-2
Let l(i) = 6*i**2 + 9*i + 23. Determine l(-2).
29
Let v(g) = g**2 + 15*g + 30. What is v(-14)?
16
Let y(n) = n**3 + 6*n**2 + 8*n + 4. Calculate y(-5).
-11
Let k(s) = -25*s**2 - 2*s + 1. Determine k(1).
-26
Let b(u) = 51*u - 241. What is b(5)?
14
Let p(j) = j**2 - j. Determine p(-2).
6
Let f(r) = r**3 - 12*r**2 + 16*r - 75. What is f(11)?
-20
Let q(y) = y**3 - 8*y**2 - 21*y + 5. What is q(10)?
-5
Let s(x) = x**2 + 26*x + 68. Determine s(-23).
-1
Let p(a) = 3*a**3 + 26*a**2 + 11*a - 3. Give p(-8).
37
Let p(u) = 2*u + 6. Determine p(-14).
-22
Let o(d) = d**2 - 7*d - 39. Give o(11).
5
Let a(o) = -o**3 + 2*o**2 + 31*o + 4. Give a(0).
4
Let m(g) = g**3 - 17*g**2 + 27*g + 2. Calculate m(2).
-4
Let w(i) = -36*i - 2. Give w(-1).
34
Let k(i) = i**3 - 6*i**2 + 4*i - 7. Give k(5).
-12
Let w(p) = -p + 8. Calculate w(-3).
11
Let b(c) = 2*c**2 - 11*c + 42. Calculate b(3).
27
Let r(h) = h**2 + 25*h - 347. What is r(10)?
3
Let a(t) = -t**2 + 33*t - 66. Calculate a(31).
-4
Let b(u) = -u**3 + 5*u**2 + 1. What is b(3)?
19
Let x(v) = 4*v + 26. Calculate x(-8).
-6
Let m(g) = -g**3 - 7*g**2 - 7*g + 1. Calculate m(-6).
7
Let k(d) = 4*d**3 - 2*d**2 - d. Determine k(-1).
-5
Let o(f) = -7*f**2 + 63*f + 23. Determine o(10).
-47
Let y(x) = 2*x**2 - 3*x + 93. Calculate y(0).
93
Let l(k) = 2*k**3 - 8*k**2 - 20*k + 5. Calculate l(6).
29
Let f(j) = -j**2 + 15. Determine f(-6).
-21
Let r(f) = -37*f**2 - 30*f - 29. Determine r(-1).
-36
Let y(h) = -2*h**3 + 27*h**2 - 14*h + 9. What is y(13)?
-4
Let r(p) = 3*p + 1. What is r(-1)?
-2
Let a(x) = x**3 - 13*x**2 + 9*x + 12. Give a(12).
-24
Let q(a) = a**3 - 6*a**2 - 17*a - 11. Give q(8).
-19
Let k(h) = -5*h - 68. Give k(-19).
27
Let t(i) = -i + 6. Calculate t(17).
-11
Let l(y) = y**3 - 9*y**2 + 11*y - 11. What is l(8)?
13
Let r(d) = -3*d**2 - 5*d - 6. Give r(-3).
-18
Let a(p) = 22*p - 64. Determine a(3).
2
Let n(p) = 2*p**3 - 4*p**2 + p + 3. Determine n(2).
5
Let r(y) = 37*y**3 - y**2 - y. Determine r(-1).
-37
Let i(u) = -u**2 + 4*u + 4. Determine i(5).
-1
Let u(o) = 2*o**2 - 6*o + 5. Give u(3).
5
Let t(j) = j**2 + 5*j + 4. Determine t(-5).
4
Let y(i) = -i**3 + i**2 - i - 2. What is y(2)?
-8
Let a(j) = 6*j**3. Give a(-1).
-6
Let i(m) = 5*m - 103. Determine i(22).
7
Let g(n) = 4*n + 13. Calculate g(-5).
-7
Let w(s) = -140*s - 1129. Determine w(-8).
-9
Let k(n) = n**2 - 7*n + 3. What is k(1)?
-3
Let q(x) = -2*x + 19. Give q(6).
7
Let o(u) = -u**2 + 15*u - 8. What is o(14)?
6
Let b(k) = k + 9. What is b(0)?
9
Let q(d) = -4*d + 17. Calculate q(8).
-15
Let h(u) = u**3 + 6*u**2 + 6*u + 2. Determine h(-6).
-34
Let g(q) = -4*q**2 - 15*q - 14. What is g(-1)?
-3
Let l(o) = -5*o + 37. What is l(7)?
2
Let l(m) = -3*m + 12. Calculate l(7).
-9
Let a(c) = -3*c**2 + 4*c + 7. Calculate a(-2).
-13
Let t(d) = -d - 4. Calculate t(12).
-16
Let w(l) = l**2 + 17*l + 18. Calculate w(-16).
2
Let g(a) = a**3 - 10*a**2 + 13*a - 2. Determine g(9).
34
Let o(c) = -c**2 - c - 22. What is o(11)?
-154
Let b(y) = 22*y + 24. C